s divided by a(-4)?
26
Let d(x) = 4*x + 4. Let l be d(-2). Let y be 1044/16 + 1/l. What is the remainder when y - (5 - -3)/(-4) is divided by 17?
16
Let p(r) be the third derivative of r**5/60 + r**4/24 + 5*r**3/6 + 4*r**2. Calculate the remainder when 64 is divided by p(-3).
9
Let y(t) = 31*t. Let m be y(1). Let n = m - -5. What is the remainder when n is divided by 20?
16
Suppose i + 142 = -5*w - i, -2*i = -4*w - 110. Let h = w - -46. What is the remainder when 69 is divided by h?
15
Let k be 1*(0 + 4) - -4. Suppose 20 + 12 = k*f. What is the remainder when 14 is divided by f?
2
Let y be (-3 - 3)*13/(-2). Suppose -y + 7 = -b. Suppose 16 = 2*n + 3*a - 8, 4*a - 36 = -3*n. What is the remainder when b is divided by n?
8
Let b(a) = -2*a - 2. What is the remainder when b(-8) is divided by 10?
4
Let l(t) = -2*t**2 + 22*t + 20. Suppose 15 = -5*b, 3*z + 5*b + 0*b - 18 = 0. Let d(m) = -5*m + 1. What is the remainder when d(-7) is divided by l(z)?
16
Suppose -h - d = -479, -h + 5*d + 232 = -247. Calculate the remainder when h is divided by 37.
35
Suppose -350 = 1814*y - 1821*y. What is the remainder when 497 is divided by y?
47
Let l(m) = -56*m**2 + 343*m - 9. Calculate the remainder when 95 is divided by l(6).
29
Let z = -6 + 19. Let c(q) = -2*q - 7. Let g be c(-5). Suppose 0 = 2*y - 4*k - 56, g*y - 3*k = 69 + 9. Calculate the remainder when y is divided by z.
11
Let d(f) = 9*f - 2. Suppose 9 - 1 = 4*q. Calculate the remainder when 935/15 + 1/(-3) is divided by d(q).
14
Suppose 0 = 3*w - 3, 0 = -2*x - 3*w - w + 86. Calculate the remainder when 90 is divided by x.
8
Let v(q) = q**2 + 2*q + 6. Let p be v(4). Let y be (-286)/(-12) + 5/p. Suppose 3*r - 4 = j - y, -5*j = r - 68. What is the remainder when j is divided by 9?
5
What is the remainder when (-6840)/(-14) + 6 + 8/(-14) is divided by 9?
8
Let j(m) = 11*m**2 + 7*m + 18. What is the remainder when j(-2) is divided by 10?
8
Let v = 1651 + -1536. Calculate the remainder when 335 is divided by v.
105
Suppose -6*u + 11*u + 2*d + 396 = 0, 5*u - d = -387. Let n = u + 148. Calculate the remainder when n is divided by 2/(-2*1) + 37.
34
Let p(k) = -2*k**2 - 16*k - 18. Calculate the remainder when 31 is divided by p(-5).
7
What is the remainder when 202 is divided by (11/(22/82))/((-1)/(-1))?
38
Let y(p) = p**2 - 4*p + 4. Let f be y(4). Suppose -3*v + 24 = d, -f*d + 2*d - 7 = -5*v. What is the remainder when 34 is divided by d?
7
Suppose -f - 4 = -2*s, 9 = 2*f + 2*s - 7. Suppose u - 17 = -2*b, -f*u + 5*b = -0*u - 42. Calculate the remainder when 51 is divided by u.
12
Suppose -57*j = -43*j - 490. What is the remainder when 191 is divided by j?
16
Suppose 4*b - 3*y = -0*b + 29, -y + 12 = 3*b. What is the remainder when 17 is divided by 2/b*(-8 + 33)?
7
What is the remainder when 34 is divided by ((-1)/((-2)/(-8)))/((-10)/45)?
16
Suppose 19*d = 20*d - 5, 4*d = 3*w - 1063. Calculate the remainder when w is divided by 33.
31
Let r be ((-3)/((-9)/(-24)))/(-1). Suppose -r - 8 = -4*g. Suppose g*s = 5*x + 60, x = s + 1 - 16. What is the remainder when s is divided by 6?
3
Suppose 5*q = 6*q - 2. Let t be q/5 - 2/5. Suppose t*d + 450 = 5*d. What is the remainder when d is divided by 23?
21
Suppose -8*i + 25*i - 442 = 0. What is the remainder when i is divided by 11?
4
Let f = -124 + 178. Let c = -47 + f. What is the remainder when 25 is divided by c?
4
Suppose -4 = 2*m - 20. Let r = 151 - m. What is the remainder when r is divided by 37?
32
What is the remainder when 12/(-5 + 3) + 63 is divided by 30/2*(-1)/(-1)?
12
Let q be (36/(-24))/((-6)/340). Suppose 37*t = 42*t - q. Calculate the remainder when 99 is divided by t.
14
Calculate the remainder when 62600/540 - 4/(-54) is divided by 31.
23
Let h(w) = -3*w - 18. Calculate the remainder when 43 is divided by h(-14).
19
Suppose -2*g + 7*g = 15. Let s(y) be the first derivative of y**4/2 - 2*y**3/3 - y**2 - 2*y - 21. What is the remainder when s(g) is divided by 16?
12
Let u = -11 - -16. Suppose -u*f - 1 = -11. Suppose 3*z = f*p - 29, 0*p - z - 54 = -3*p. Calculate the remainder when 37 is divided by p.
18
Let g(u) = -2 + 32 + 2*u - 6 - 4*u. Calculate the remainder when 55 is divided by g(6).
7
Suppose 6*i + 2*i = 1720. What is the remainder when i is divided by 39?
20
Let x(h) = 2*h - 3. Let g be x(3). Suppose 3*r = -3*n + 45, -4*r + 2*n + 12 = -g*r. What is the remainder when 52 is divided by r?
10
Let f(g) = g**2 - 16*g + 19. Let o be f(15). Suppose -o*d = -3*u + 69, 2*u = -2*u - 4*d + 120. What is the remainder when u is divided by 7?
6
Suppose 4*l = -2 - 14. Let b be ((-18)/l)/((-5)/(-20)). What is the remainder when 6/((-24)/(-20))*b is divided by 23?
21
Let r be ((-188)/6)/(6/(-9)). Let z = -31 + r. Suppose 0 = y - 11 - z. What is the remainder when y is divided by 15?
12
Let l(n) be the first derivative of -n**3/3 + 4*n**2 - 13*n + 3. Let z be l(6). Calculate the remainder when 26 + 7 + z + -2 is divided by 8.
6
Let f = -17 - -27. Suppose -14*s - 18 = -17*s. What is the remainder when f is divided by s?
4
Let d(j) = j**3 + 9*j**2 + 9*j + 10. Let o(i) = 5*i**2 + 2*i - 1. Let n = 1 + 0. Calculate the remainder when o(n) is divided by d(-8).
0
Suppose 5*b + 4*s - 210 = -s, 159 = 4*b + s. What is the remainder when b is divided by 50/(-6)*(-6)/5?
9
Let c(g) = -438*g**3 + g**2 + 2*g + 1. Calculate the remainder when c(-1) is divided by 17.
13
Let j be (3 + -2)*5*-7. Let u be ((-330)/8)/(6/16). What is the remainder when ((-28)/j)/((-4)/u) is divided by 8?
6
Let g = -29 + 41. Suppose -5*f - g = -102. Calculate the remainder when 88 is divided by f.
16
Suppose -137 = -7*z + 3. What is the remainder when z is divided by 15?
5
Suppose -8*b = -20 - 20. Suppose -4*f - 152 = -2*i, 3*i - i = -b*f + 107. What is the remainder when i is divided by 18?
12
Suppose -i - 2*i - 3*m - 9 = 0, -i - 3 = -m. Let z be i/(-6)*-2*9. What is the remainder when 32 is divided by (-2)/(-4 + (-34)/z)?
5
Let d = 39 + -36. Calculate the remainder when 37 is divided by (-6 + -20)*d/(-6).
11
Let t = -2 + 1. Let g = -270 + 256. Let k = t - g. Calculate the remainder when 36 is divided by k.
10
Let t(b) be the first derivative of -b**4/4 - 2*b**3 + 3*b**2/2 - 8*b - 1. What is the remainder when (-7 + -6)/(2*2/(-12)) is divided by t(-7)?
19
Suppose 4*r = -82 - 34. Let x = -13 - r. Suppose -56 = 2*n - 3*n + 2*j, -3*n = -2*j - 180. Calculate the remainder when n is divided by x.
14
Suppose 7*j - 25*j = -18. Let q(d) be the second derivative of 8*d**4/3 - d**2/2 + d. Calculate the remainder when q(j) is divided by 8.
7
Let a be 0/(-3) + 2 + 192. Let l = a - 138. Let i = l - 26. Calculate the remainder when i is divided by 8.
6
What is the remainder when (3/((-18)/4))/(1/(-120)) is divided by (21/(-3))/(3/9*-3)?
3
Let g be ((-8)/(-5) - 2) + (-48)/(-20). What is the remainder when 66 is divided by (3 - (-17)/2)*g?
20
Suppose -3*s + 5*b - 7 = -2*s, -3*s + 69 = 3*b. What is the remainder when (154/(-77))/(15/(-5) + (-146)/(-50)) is divided by s?
7
Let f(w) = w**3 + 13*w**2 - 12*w + 22. Let y be f(-14). What is the remainder when 72 is divided by 6*2 + -6*y/12?
12
Let i(j) = j + 1. Let p(d) = -2*d + 7. Let u(b) = 2*i(b) - p(b). Let x be 1*(-1 - -1*9). What is the remainder when u(x) is divided by 7?
6
Suppose i = 7*i - 414. Suppose -d + i = 2*d. Calculate the remainder when d is divided by 12.
11
Let i(d) = -2*d**3 + 13*d**2 + 2*d - 5. Suppose 0 = 2*b - 0*b. Suppose -4*x = -b*x - 36. Calculate the remainder when i(6) is divided by x.
7
Let n(t) = -12*t**3 + 1. Suppose 20 = 2*l + 2*g, 5*l - 48 = -2*g - 2*g. Calculate the remainder when n(-1) is divided by l.
5
Let m(t) = 33*t - 130. Calculate the remainder when (20/6)/2*3 is divided by m(4).
1
Calculate the remainder when 1157 is divided by ((-3)/1)/3*(-28 - 15).
39
Let l be (-1708)/(-52) - 6/(-39). Suppose 2*a - 5*a + l = 0. What is the remainder when 41 is divided by a?
8
Suppose 5*l - 72 = 63. What is the remainder when 75 is divided by l?
21
Let i = 1785 - 1758. Calculate the remainder when 755 is divided by i.
26
Suppose 8*b - 494 = -54. Calculate the remainder when 103 is divided by b.
48
Let d be ((-42)/7)/((-6)/10). Suppose 2*v - 28 = d. What is the remainder when 92 is divided by v?
16
Let x(s) = s**2 + 5*s + 14. What is the remainder when 48 is